r of 364 and 18241468.
28
Calculate the highest common factor of 18944 and 424834.
74
Calculate the greatest common divisor of 1692 and 296964.
36
Calculate the highest common divisor of 48985 and 182305.
505
What is the highest common factor of 61726 and 9506?
14
What is the greatest common divisor of 2281870 and 4325?
865
What is the greatest common divisor of 25099471 and 58?
29
Calculate the greatest common divisor of 48508724 and 13937.
1991
What is the greatest common divisor of 38208 and 3345408?
192
What is the highest common factor of 10278846 and 108?
54
Calculate the highest common factor of 1880632 and 7704.
856
What is the highest common factor of 311528 and 12?
4
What is the greatest common factor of 2890962 and 108?
18
What is the greatest common divisor of 1852 and 12154676?
1852
Calculate the highest common divisor of 13300 and 50379700.
700
Calculate the highest common factor of 25837630 and 10010.
910
What is the highest common divisor of 117224 and 2224?
8
Calculate the highest common factor of 48 and 28822200.
24
Calculate the highest common factor of 3201 and 4473543.
291
Calculate the highest common divisor of 29391571 and 33.
11
Calculate the greatest common divisor of 24700260 and 54.
6
Calculate the highest common factor of 243 and 3099241683.
243
What is the greatest common factor of 9 and 104640516?
9
Calculate the highest common factor of 2421848 and 580.
116
What is the highest common divisor of 25571581 and 49?
49
Calculate the highest common factor of 744158 and 413746.
1462
Calculate the greatest common divisor of 3265 and 3773995.
5
Calculate the greatest common factor of 75013235 and 13915.
1265
What is the greatest common factor of 50076537 and 609?
21
What is the highest common factor of 83928 and 6410270?
538
Calculate the greatest common divisor of 68848 and 276016.
208
Calculate the highest common divisor of 57807145 and 605.
605
Calculate the greatest common divisor of 189 and 18685548.
63
What is the greatest common divisor of 9418 and 188411?
17
Calculate the greatest common factor of 1140650511 and 429.
429
Calculate the greatest common divisor of 5018624 and 1269359.
4901
What is the greatest common divisor of 32886554 and 163?
163
What is the highest common divisor of 78031620 and 540?
540
What is the greatest common divisor of 24331606 and 676?
338
Calculate the highest common divisor of 6784 and 154018.
106
What is the highest common factor of 175885460 and 2?
2
What is the highest common divisor of 169840 and 236720?
880
What is the highest common divisor of 8617063 and 91?
91
What is the highest common divisor of 19 and 21728153?
19
Calculate the greatest common divisor of 63518944 and 608.
32
What is the greatest common factor of 7974 and 24498?
18
What is the greatest common factor of 485381532 and 1284?
1284
Calculate the highest common divisor of 4629807 and 14.
7
Calculate the greatest common factor of 967750 and 158948.
158
Calculate the greatest common factor of 4 and 45550286.
2
Calculate the highest common factor of 2964143 and 1456.
91
What is the highest common divisor of 520100 and 454300?
700
What is the highest common factor of 79799 and 1038183?
199
Calculate the highest common divisor of 30850 and 614.
2
Calculate the highest common factor of 13203 and 27547.
163
Calculate the highest common factor of 9454 and 1629626.
58
What is the greatest common divisor of 154 and 2002297?
11
Calculate the greatest common divisor of 172953 and 2673.
99
Calculate the greatest common divisor of 1735 and 144606004.
347
Calculate the highest common divisor of 814 and 1047024.
22
What is the greatest common divisor of 5237016 and 1581?
93
What is the greatest common divisor of 223 and 128776702?
223
What is the highest common divisor of 167557 and 923?
13
Calculate the greatest common factor of 3234 and 168616.
14
What is the greatest common factor of 5053923 and 21?
21
What is the highest common factor of 3278 and 64823?
11
Calculate the greatest common factor of 78 and 7611292.
26
What is the greatest common factor of 4 and 24448933?
1
Calculate the greatest common divisor of 731683629 and 1251.
1251
Calculate the highest common factor of 2786190 and 1155.
165
Calculate the greatest common divisor of 910948 and 1044.
116
What is the greatest common factor of 139 and 52578140?
139
What is the highest common factor of 612351062 and 28670?
5734
What is the greatest common factor of 3195 and 59016123?
639
Calculate the greatest common divisor of 13015600 and 52.
52
Calculate the greatest common divisor of 277148 and 5983.
193
What is the highest common factor of 3559416 and 436?
4
Calculate the highest common divisor of 4758135 and 15.
15
What is the highest common factor of 34367490 and 2880?
90
What is the greatest common factor of 61325000 and 7359?
2453
What is the greatest common divisor of 13774195 and 14740?
335
Calculate the highest common factor of 350 and 2560490.
10
Calculate the greatest common factor of 124 and 129011181.
31
What is the highest common factor of 1707 and 258130833?
1707
Calculate the highest common divisor of 29885 and 2202455.
695
Calculate the highest common factor of 2107 and 25799011.
301
What is the highest common factor of 36559686 and 4218?
114
What is the highest common divisor of 49228765 and 4010?
2005
Calculate the greatest common factor of 100681 and 421.
1
What is the greatest common divisor of 845100 and 12?
12
Calculate the highest common divisor of 140548 and 19147.
41
What is the highest common divisor of 2108334 and 1998?
222
What is the greatest common factor of 117936 and 260253?
567
What is the highest common divisor of 347710 and 291595?
145
Calculate the greatest common divisor of 746192 and 2831.
149
What is the greatest common divisor of 952 and 2191?
7
What is the greatest common divisor of 43 and 61506383?
43
Calculate the greatest common divisor of 7925449 and 877.
877
What is the highest common divisor of 85 and 1592714377?
17
Calculate the greatest common divisor of 243852 and 287.
7
What is the greatest common factor of 626 and 241384974?
626
What is the greatest common divisor of 532488 and 198792?
264
Calculate the highest common divisor of 12965604 and 1416.
708
Calculate the greatest common divisor of 24 and 507963.
3
Calculate the greatest common factor of 131586 and 95278386.
10122
What is the greatest common divisor of 436165 and 322040?
415
Calculate the highest common divisor of 84 and 9898332.
12
Calculate the greatest common factor of 293 and 230359823.
293
What is the highest common divisor of 1467438 and 378?
42
Calculate the highest common factor of 4726 and 17153.
17
Calculate the greatest common factor of 45454090 and 5.
5
Calculate the greatest common factor of 37625 and 38060375.
5375
Calculate the highest common divisor of 1806 and 17546494.
602
What is the greatest common factor of 4210903 and 636?
53
Calculate the highest common divisor of 349439 and 3473.
23
What is the highest common factor of 1908 and 7620128?
212
What is the highest common factor of 235 and 8245774?
47
Calculate the highest common divisor of 143 and 180523112.
11
Calculate the highest common divisor of 5502 and 2546509.
917
What is the highest common divisor of 100835 and 21371?
301
Calculate the highest common divisor of 19545736 and 86.
86
Calculate the greatest common factor of 893 and 33364.
19
What is the highest common divisor of 10670 and 21010?
110
What is the greatest common divisor of 5728 and 8688032?
32
Calculate the greatest common factor of 237 and 40191171.
237
Calculate the highest common divisor of 1854394 and 1496.
34
What is the highest common divisor of 514395 and 418545?
3195
What is the highest common factor of 1952289 and 459?
27
What is the greatest common factor of 37936003 and 12596?
3149
Calculate the greatest common factor of 21235743 and 50577.
2199
What is the highest common factor of 1750415 and 88380?
2455
Calculate the highest common factor of 2799 and 6573.
3
Calculate the highest common factor of 552021950 and 226.
226
Calculate the greatest common divisor of 666451233 and 406.
203
What is the highest common factor of 2192 and 4821715?
137
What is the highest common divisor of 14374710 and 1890?
630
What is t